e
Let k = 508 + -943. Is k/1*1/(-3) a composite number?
True
Let p be 2/(-8) + 26817/(-12). Is p/(-6) + 3*2/12 composite?
False
Let v be (-2)/9 + (-5 - 9010/(-45)). Suppose -2*g + 0*g + 892 = 0. Let i = g - v. Is i a composite number?
False
Let q be (-4 - -6)/(5 - 4). Is q - (-4 - (15 - -5)) a prime number?
False
Suppose 0 = -3*u - 0*u - 3, -4*q - 3*u = 563. Let t = 703 + q. Is t a composite number?
False
Let h(z) = -z + 6. Let m be h(4). Let l(g) = 23*g**3 - 2*g**2 + g. Is l(m) prime?
False
Let w(h) = -h + 5. Let m be w(4). Let v(q) = 642*q**3 - q**2 - q + 1. Is v(m) prime?
True
Suppose -3*s - v + 0*v + 16741 = 0, -4*s + 3*v = -22304. Is s a prime number?
False
Let t(p) = -p. Let z be t(-6). Let j = z - 4. Is -1*(-1 + j) + 56 a prime number?
False
Let o(b) = 1296*b - 19. Is o(1) composite?
False
Is 770244/28 - 2/(-7) prime?
True
Suppose 7*l + 4 = 53. Suppose l*t = 5*t + 30. Is t composite?
True
Let k(m) = 187*m - 2. Let p be ((-4)/20)/(1/(-5)). Is k(p) a composite number?
True
Is (-44)/5*3579195/(-444) prime?
False
Suppose 4*f = s - 903, -2*s + 342 = -2*f - 1458. Is s composite?
True
Suppose 0 = 7*g - 12*g - 3*f + 95917, -4*g + 76720 = -f. Is g a composite number?
False
Let n be (-7)/(-2) + (-30)/(-20). Suppose -2*s = -3*v - 4*s + 679, s - 1120 = -n*v. Is v composite?
False
Let t be (-9)/(-15) - -97*4/20. Is (5 + -10)/t - 3005/(-4) a prime number?
True
Suppose 0 = 7*j - 2*j - 210. Suppose j = -5*p + 2*p. Is (-1032)/(-28) - 2/p composite?
False
Let b be 1088 - ((-4)/4 + 0). Suppose -12*w + 10347 = -b. Is w a composite number?
False
Let q(c) = c**3 + 2*c**2 - c + 77. Is q(0) prime?
False
Suppose 5*n + 3*p + 15 = 0, -4*p = -3*n - 2*p + 10. Suppose -7*c + 186 + 199 = n. Is c prime?
False
Let x(l) = 10*l + 2. Let y be x(-2). Let j be 3/12 + ((-567)/28 - 0). Is (j/6)/(y/999) prime?
False
Let n = 2 - -1. Let s be 1 + (-2 - n - -3). Is 14*(s + 4/2) a composite number?
True
Let m be (-5)/((-20)/54)*2. Suppose 4*j = -5*z + 3, -4*z + 5*j + 0*j = -m. Is (z - 3) + (-331)/(-1) a composite number?
False
Is 2/(-13) - (-520150)/130 prime?
True
Let g = 54202 + -29259. Is g composite?
False
Is (27/15)/((-18)/(-60)) composite?
True
Suppose -s + 0*l + 199 = -5*l, 0 = 4*l. Suppose 5*x + n = s, 5*x - 5*n = 2*x + 97. Is x composite?
True
Let j = -170 + 426. Let l = j + -137. Is l a prime number?
False
Is 1 - (-12)/(-20) - 9429/(-15) prime?
False
Let b be (-2 - -1)*(28 + -3). Let n = -16 - b. Let x = n + 10. Is x a composite number?
False
Let p be 711/(3/(-6)*2). Let i = p + 1431. Suppose 0*k + a = 4*k - 711, 4*k - 4*a - i = 0. Is k prime?
False
Let f(p) be the second derivative of -p**4/12 - 5*p**3/6 + 7*p. Let d be f(-5). Suppose d = -3*x + 171 + 222. Is x a composite number?
False
Suppose -2*f - 5*t - 7 = 0, f + 3*t + 0 = -6. Let v = f - 4. Let x = 30 + v. Is x prime?
False
Let v(n) = n**2 - 3. Let j = -19 + 25. Suppose -x + j + 5 = 0. Is v(x) a composite number?
True
Suppose 0 = -7*k - 2*k + 1962. Let i = k + 5. Is i a prime number?
True
Let a be (-12014)/7 - 10/(-35). Let u = -955 - a. Is u a composite number?
False
Suppose -11*t + 4846 = -89809. Is t composite?
True
Suppose 3*m = 10*m. Suppose -2*k - k - 36 = m. Is -1 + 3 + (1 - k) a composite number?
True
Let x = -774 + 2667. Is x prime?
False
Suppose -3*f + f + 4 = 0. Let t(z) = 8*z - 1 + 4*z + 18*z. Is t(f) prime?
True
Let g = -28 + 64. Let y = g - 7. Let i = y + 132. Is i prime?
False
Let w = 516 - 101. Is w prime?
False
Let q(t) = -161*t + 1. Let y be q(-2). Suppose -3*b = -b + 5*r - y, -740 = -5*b + r. Is b a prime number?
True
Suppose 0 = 24*h - 20*h - 2524. Is h prime?
True
Let f = 1700 + -770. Let p = 2869 - f. Is p composite?
True
Let a = 10 + -9. Let o be (9/3 - -2)/a. Suppose o*k = 31 - 1. Is k composite?
True
Let m(g) = -g**3 - 4*g**2 + 2*g. Let f be m(-4). Is -1 - (-308)/f*-4 - -2 composite?
True
Suppose 3*s - 3 = -4*b + 2, 3*b = -5*s - 10. Suppose b*c + 1688 = 13*c. Is c a prime number?
True
Suppose 0 = -24*n + 21*n + 437910. Is n/14 - (-4)/7 prime?
True
Let d = -14418 - -29107. Is d a composite number?
True
Suppose 4*h + 5*s - 937 = 0, 4*h - 933 = -11*s + 10*s. Is h composite?
False
Let g = 721 - 55. Let q = -90 + -283. Let h = q + g. Is h a composite number?
False
Let h = -3740 - 830. Is (5/(-10))/(1/h) composite?
True
Let f = 7 + -3. Suppose -s + 125 = 4*b + 4*s, 3*b - 3*s = 87. Suppose f*k - 290 = -b. Is k composite?
True
Let q(f) = f - 20. Let d be q(23). Let m(u) = 249*u + 4. Is m(d) prime?
True
Suppose v + 3*v = -x + 634, -4*x + 2476 = 4*v. Suppose a - x = -a. Is a prime?
True
Suppose -4*m - 5*p = 9, -5*m + 55 = -5*p + 10. Is (m/(-16))/(2/(-4168)) a prime number?
True
Let o(l) be the third derivative of -37*l**4/8 - 17*l**3/6 + 4*l**2. Is o(-4) prime?
False
Let x(v) = -6873*v + 70. Is x(-4) a prime number?
False
Is (-4)/20 + (-255192)/(-35) a composite number?
True
Let u(t) = -t**2 - 10*t + 5. Let q(h) = -h**2 + 7*h + 3. Let z be q(7). Suppose i + b = -13, z*b + 0*b = -15. Is u(i) a composite number?
True
Let u be 1802/153 + (-2)/(-9). Let w be ((-16)/u)/((-8)/12). Suppose -2*h - w*h = -3*c - 635, 4*h = -4*c + 656. Is h a composite number?
True
Suppose -3*t + 6*t = 2*r - 619, 4*t + 816 = 5*r. Let i = 1116 + t. Is i composite?
False
Is (-89370)/(-15) - (-10)/2 composite?
True
Suppose 2*j + 20 = 7*j. Suppose j*i - 176 = 8*i. Let x = i + 103. Is x prime?
True
Is (48/66)/4 - 188457/(-33) a prime number?
True
Let v = -20 + -41. Let u = 126 + v. Suppose -2*n = 0, 483 = 2*o - n + u. Is o prime?
False
Let u be (-3)/(-2)*(-190)/(-57). Suppose -3*p - 4*w + 2741 = 0, 2*p + 93 = -u*w + 1911. Is p composite?
False
Let x(g) = 298*g - 251. Is x(21) composite?
False
Let v be (32/(-12))/((-6)/4491). Suppose v = 5*o - 1699. Is o a prime number?
True
Suppose 10*j = 2*j - 16. Is (1574/(-4))/((j - 2)/8) prime?
True
Suppose z = 3*z. Let k = z - -52. Let g = k - 19. Is g prime?
False
Let y(q) = 3*q**3 - q**2 + 12*q - 12. Let p(n) = n**3 + 6*n - 6. Let h(l) = -9*p(l) + 4*y(l). Is h(5) prime?
True
Suppose -2*k - 8*k = -200. Suppose -963 = -5*l + 4*r, 5*l - 971 = -2*r - k. Is l composite?
False
Let z = -19553 - -36970. Is z prime?
True
Is (2/(-4))/(2*8/(-516064)) composite?
False
Suppose -4*p = 36 + 140. Let k(h) = 3*h**2 - 18*h - 4. Let n be k(9). Let u = p + n. Is u prime?
False
Let k(p) = -1209*p - 16. Is k(-3) prime?
False
Is ((-889)/28)/(2/(-1912)) a composite number?
True
Let g(d) = -1245*d + 987. Is g(-6) a prime number?
False
Let i(x) = 2*x + 14. Let m be i(-12). Let t(k) = 4*k**2 - 3 - k**2 - 11 - 6*k - 2*k**2. Is t(m) a prime number?
False
Let y = 3509 + -2023. Suppose -6799 - y = -5*q. Is q prime?
True
Let k(g) = -1260*g - 209. Is k(-4) prime?
True
Let b(n) = n**3 - 15*n**2 + 7*n + 6. Is b(15) prime?
False
Suppose 4*d - m + 0*m = 19, 5*d + m = 35. Is (-1 + d/10)*-295 + 3 composite?
True
Let l = -8 + 12. Let w(o) = 60*o**2 - 3*o - 14. Let j be w(-3). Suppose -j = -2*n - l*y + 411, 0 = -n + 3*y + 463. Is n prime?
False
Suppose 2*t + 2*d - 46344 = 0, 4*t + d - 115848 = -t. Is t composite?
True
Let o be (-1180)/2*(-3 + 5)/2. Let d = -355 - o. Is d prime?
False
Suppose -2*k - 2 = 0, -2*k - 2 - 16 = -2*f. Let l be (-98)/21*3/(-2). Suppose -l*m - 22 = -f*m. Is m composite?
True
Let x(z) = -z + 2. Let g be x(0). Suppose -425 = -4*h - 3*i, 431 = 2*h + 2*h + 5*i. Suppose s - h = -g*v + 25, -3*v + 384 = 3*s. Is s a prime number?
True
Suppose 3*r - 2*r = 3, -2*r - 18 = 4*f. Let c = 18 + -10. Is c/f + 6485/15 prime?
True
Let q(p) = 3*p - 5. Let o be q(3). Suppose -k - 14 = o*w, 4*w + 5 + 1 = -5*k. Suppose k*c + 2 = 16. Is c composite?
False
Let l(o) = 307 + 370*o**2 - 370*o**2 - o**3. Is l(0) a composite number?
False
Let s(a) = 4*a + 3 - 4*a + 0 + a. Let y be s(3). Suppose -5*r + y*r = 89. Is r prime?
True
Let u(s) = 6457*s**2 - 20*s - 20. Is u(-1) prime?
False
Suppose -2*f + 2845 = 4*b - 3*f, -2*b + 1425 = -f. Let p = b - 57. Is p a prime number?
True
Suppose 20694 = 9*s - 117807. Is s composite?
True
Let h = -21 + -1211. Let d = 2275 + h. Is d a prime number?
False
Let h(y) = 4*y**3 - y**2 - 5*y - 3. Let q(b) = -5*b**3 + b**2 + 6*b + 3. Let t(k) = 6*h(k) + 5*q(k). Let i be t(0). Is i - (-1 + (-362)/2) a composite number?
False
Let z(l) = 2*l - 28. Let p be z(0). Let o = p - -27. Is o*(-4)/8*134 prime?
True
Le